 of 16 and 514?
2
What is the greatest common factor of 6438 and 522?
174
What is the highest common divisor of 1417 and 78?
13
Calculate the greatest common divisor of 20 and 55.
5
What is the highest common factor of 135 and 54?
27
Calculate the highest common divisor of 539 and 147.
49
Calculate the highest common factor of 40 and 820.
20
What is the highest common factor of 265 and 30?
5
What is the highest common factor of 1116 and 36?
36
Calculate the highest common factor of 60 and 228.
12
Calculate the greatest common divisor of 43 and 1419.
43
What is the highest common factor of 24909 and 23?
23
What is the highest common factor of 3195 and 2769?
213
Calculate the greatest common divisor of 64 and 1240.
8
What is the greatest common factor of 280 and 29120?
280
What is the highest common factor of 532 and 16?
4
What is the highest common divisor of 18 and 3960?
18
Calculate the highest common divisor of 9 and 18.
9
What is the greatest common factor of 6237 and 66?
33
What is the greatest common factor of 217 and 93?
31
Calculate the greatest common factor of 1682 and 58.
58
What is the highest common divisor of 2904 and 24?
24
Calculate the highest common divisor of 342 and 18.
18
Calculate the greatest common factor of 60 and 24.
12
What is the highest common factor of 14 and 14126?
14
What is the greatest common factor of 68 and 6766?
34
What is the greatest common divisor of 12 and 22236?
12
What is the highest common divisor of 2540 and 55?
5
Calculate the greatest common divisor of 27048 and 24.
24
Calculate the highest common divisor of 42 and 434.
14
Calculate the greatest common divisor of 1266 and 30.
6
What is the greatest common factor of 63 and 48237?
21
Calculate the highest common divisor of 159 and 4187.
53
Calculate the highest common divisor of 5 and 625.
5
What is the highest common factor of 12707 and 485?
97
What is the greatest common factor of 19 and 95?
19
Calculate the highest common factor of 49 and 3283.
49
Calculate the highest common divisor of 247 and 13.
13
Calculate the greatest common factor of 4935 and 1575.
105
Calculate the highest common factor of 28959 and 441.
147
Calculate the greatest common divisor of 9969 and 6.
3
Calculate the highest common factor of 1400 and 448.
56
What is the greatest common divisor of 324 and 60?
12
Calculate the highest common divisor of 19 and 12293.
19
What is the highest common divisor of 85 and 135?
5
Calculate the greatest common divisor of 3577 and 146.
73
Calculate the greatest common divisor of 15 and 6.
3
What is the greatest common factor of 72 and 279?
9
Calculate the highest common divisor of 1134 and 294.
42
What is the highest common factor of 12 and 1154?
2
Calculate the greatest common factor of 51 and 204.
51
What is the greatest common factor of 168 and 6792?
24
What is the greatest common divisor of 96 and 27?
3
Calculate the greatest common divisor of 11461 and 157.
157
Calculate the highest common divisor of 49 and 2107.
49
What is the greatest common divisor of 21 and 6447?
21
What is the highest common factor of 2331 and 546?
21
Calculate the greatest common factor of 624 and 16.
16
Calculate the highest common factor of 325 and 8840.
65
Calculate the greatest common factor of 152 and 722.
38
Calculate the highest common divisor of 162 and 3798.
18
What is the greatest common factor of 119 and 15113?
119
Calculate the highest common factor of 10730 and 5.
5
Calculate the greatest common divisor of 26 and 234.
26
Calculate the greatest common factor of 132 and 66.
66
Calculate the greatest common factor of 26 and 52.
26
Calculate the highest common divisor of 66 and 186.
6
Calculate the highest common factor of 49 and 37289.
49
What is the greatest common factor of 1620 and 60?
60
What is the greatest common divisor of 120 and 9?
3
What is the highest common factor of 120 and 264?
24
What is the greatest common factor of 15 and 290?
5
Calculate the greatest common divisor of 1 and 122.
1
Calculate the greatest common divisor of 893 and 152.
19
Calculate the highest common factor of 15 and 93.
3
Calculate the greatest common divisor of 265 and 185.
5
What is the highest common divisor of 1927 and 235?
47
What is the greatest common factor of 20 and 2750?
10
What is the greatest common divisor of 316 and 12?
4
What is the greatest common divisor of 795 and 45?
15
Calculate the highest common divisor of 77 and 861.
7
Calculate the highest common divisor of 20125 and 161.
161
What is the highest common divisor of 135 and 345?
15
What is the greatest common divisor of 1804 and 41?
41
Calculate the highest common divisor of 112 and 2884.
28
Calculate the highest common factor of 23596 and 272.
68
What is the greatest common divisor of 52 and 26?
26
Calculate the highest common divisor of 90 and 630.
90
What is the greatest common divisor of 4730 and 770?
110
What is the greatest common divisor of 377 and 116?
29
Calculate the highest common factor of 593 and 8.
1
Calculate the highest common factor of 481 and 13.
13
What is the greatest common factor of 1534 and 59?
59
Calculate the greatest common factor of 224 and 14.
14
What is the highest common divisor of 36 and 78?
6
What is the highest common divisor of 6 and 114?
6
What is the highest common factor of 11523 and 69?
69
What is the highest common divisor of 17 and 5389?
17
Calculate the highest common factor of 156 and 252.
12
Calculate the highest common factor of 2 and 79.
1
Calculate the greatest common factor of 5955 and 75.
15
Calculate the greatest common divisor of 824 and 2678.
206
What is the highest common divisor of 1372 and 28?
28
Calculate the highest common factor of 2368 and 444.
148
Calculate the highest common factor of 1422 and 1027.
79
What is the greatest common divisor of 9 and 18?
9
What is the highest common factor of 500 and 26?
2
Calculate the highest common factor of 1030 and 5.
5
Calculate the greatest common factor of 1331 and 11.
11
Calculate the greatest common divisor of 3233 and 61.
61
Calculate the highest common factor of 45 and 585.
45
What is the highest common divisor of 9195 and 30?
15
Calculate the greatest common factor of 160 and 4640.
160
What is the highest common divisor of 1032 and 72?
24
Calculate the greatest common factor of 187 and 55.
11
What is the greatest common divisor of 70 and 1420?
10
Calculate the highest common factor of 136 and 240.
8
What is the greatest common divisor of 13 and 5707?
13
Calculate the highest common factor of 1610 and 7084.
322
What is the highest common divisor of 18487 and 133?
133
What is the greatest common divisor of 42 and 105?
21
Calculate the greatest common divisor of 72 and 27.
9
Calculate the greatest common factor of 45 and 81.
9
What is the greatest common divisor of 15782 and 26?
26
Calculate the highest common divisor of 175 and 70.
35
Calculate the highest common factor of 9 and 49.
1
Calculate the highest common divisor of 18530 and 51.
17
Calculate the highest common divisor of 31043 and 74.
37
Calculate the highest common factor of 84 and 96.
12
What is the highest common divisor of 17 and 1?
1
Calculate the highest common factor of 784 and 752.
16
What is the highest common divisor of 690 and 6670?
230
What is the greatest common divisor of 935 and 255?
85
Calculate the highest common divisor of 51 and 51.
51
Calculate the highest common divisor of 27 and 15.
3
What is the greatest common factor of 136 and 75752?
136
Calculate the greatest common factor of 7 and 224.
7
Calculate the highest common factor of 208 and 32.
16
Calculate the greatest common factor of 107 and 9523.
107
Calculate the greatest common factor of 246 and 1845.
123
Calculate the highest common factor of 51 and 69.
3
What is the greatest common factor of 2 and 4882?
2
What is the highest common divisor of 1060 and 5035?
265
What is the greatest common divisor of 605 and 385?
55
What is the greatest common divisor of 3808 and 56?
56
What is the greatest common divisor of 12 and 18570?
6
What is the highest common divisor of 3720 and 240?
120
What is the greatest common factor of 144 and 528?
48
Calculate the greatest common divisor of 6749 and 102.
17
What is the highest common factor of 384 and 5504?
128
What is the greatest 